1
Calculate the greatest common factor of 286052 and 1924.
52
What is the greatest common divisor of 9028 and 410441?
37
Calculate the greatest common factor of 2483 and 85405268.
2483
What is the greatest common divisor of 59958 and 13584?
6
What is the greatest common divisor of 100787328 and 2880?
576
Calculate the highest common factor of 72 and 191270088.
72
Calculate the greatest common divisor of 18644 and 1215652.
316
Calculate the greatest common divisor of 4257 and 374229.
387
What is the highest common factor of 99 and 6632571?
33
What is the greatest common divisor of 3078018 and 2826?
18
What is the highest common factor of 109835586 and 42?
42
Calculate the highest common divisor of 6036 and 1434389004.
6036
What is the greatest common factor of 154428660 and 216?
108
Calculate the highest common divisor of 122128 and 57344.
16
Calculate the greatest common factor of 116600 and 2495075.
275
Calculate the highest common divisor of 4512 and 14042848.
1504
What is the highest common factor of 542927 and 30127?
641
What is the highest common divisor of 90630160 and 640?
80
Calculate the highest common factor of 26712716 and 13460.
2692
What is the highest common factor of 276446 and 3633718?
998
Calculate the greatest common factor of 832288 and 153760.
992
What is the greatest common factor of 742 and 71560706?
742
What is the greatest common factor of 10 and 20706525?
5
What is the greatest common divisor of 4264 and 34422288?
328
What is the greatest common factor of 14 and 940835?
7
What is the greatest common divisor of 291092 and 38308?
244
What is the highest common divisor of 450 and 7073175?
75
Calculate the greatest common divisor of 220724 and 604.
4
What is the greatest common factor of 610677 and 27?
9
Calculate the greatest common divisor of 39 and 98343128.
13
What is the greatest common divisor of 644723100 and 45?
45
Calculate the highest common divisor of 256 and 3902816.
32
What is the greatest common factor of 12304120 and 2320?
1160
What is the greatest common factor of 60128194 and 2842?
2842
Calculate the greatest common factor of 96278829 and 1662.
831
What is the highest common divisor of 1674 and 78640986?
186
What is the highest common divisor of 68681184 and 31460?
572
What is the highest common divisor of 303080 and 920?
40
What is the highest common factor of 16572 and 4404?
12
Calculate the highest common factor of 47416 and 3208.
8
What is the greatest common divisor of 2761 and 110045177?
2761
What is the highest common factor of 7758799 and 697?
41
Calculate the greatest common divisor of 51543 and 503631.
621
Calculate the highest common factor of 35357 and 93231358.
5051
What is the greatest common factor of 66 and 2568742?
22
What is the highest common factor of 12877 and 93220?
79
What is the highest common factor of 33007182 and 666?
222
Calculate the greatest common divisor of 19736207 and 29711.
2701
What is the greatest common divisor of 14762 and 5410822?
122
Calculate the greatest common divisor of 8939 and 702044.
7
Calculate the highest common factor of 24095 and 298620.
395
What is the greatest common factor of 100 and 12507025?
25
What is the highest common divisor of 21350 and 18050?
50
Calculate the highest common factor of 47334570 and 23730.
3390
What is the greatest common factor of 208 and 9439079?
13
What is the greatest common divisor of 104 and 47742136?
104
Calculate the highest common factor of 36540 and 358911.
63
What is the highest common divisor of 69666 and 361794?
102
What is the highest common factor of 1017 and 35939763?
1017
What is the highest common factor of 414672 and 110514?
978
Calculate the highest common factor of 451986 and 264972.
426
Calculate the greatest common divisor of 1562496 and 236928.
384
Calculate the highest common divisor of 99782 and 1300.
2
What is the highest common divisor of 99396 and 1035?
9
Calculate the greatest common factor of 21411111 and 186.
93
What is the greatest common factor of 80 and 3566192?
16
Calculate the greatest common factor of 638 and 3031754.
22
What is the highest common factor of 3922560 and 24768?
576
Calculate the highest common factor of 54624087 and 35595.
7119
What is the greatest common factor of 17232 and 15474?
6
Calculate the greatest common factor of 2156840 and 805.
35
What is the greatest common divisor of 6354 and 51317375?
353
Calculate the highest common divisor of 139 and 970064737.
139
Calculate the highest common factor of 64532299 and 4821.
1607
What is the greatest common divisor of 2928 and 197291568?
2928
What is the greatest common factor of 14 and 232841609?
7
What is the greatest common divisor of 7635829 and 2587?
199
Calculate the greatest common divisor of 1509005 and 15555.
85
Calculate the greatest common divisor of 7037429 and 147.
49
Calculate the highest common divisor of 15650 and 180475.
25
What is the greatest common divisor of 62824440 and 532?
28
Calculate the highest common factor of 663496 and 20882.
394
What is the highest common factor of 36109703 and 13083?
623
Calculate the greatest common factor of 7692000 and 6450.
150
What is the highest common divisor of 5884618 and 3757?
289
What is the greatest common factor of 380 and 4760488?
76
What is the highest common factor of 3272 and 57624828?
1636
What is the highest common factor of 142161687 and 21519?
7173
What is the highest common factor of 41175081 and 3609?
3609
What is the highest common divisor of 16442608 and 23296?
1456
What is the greatest common factor of 755552 and 46368?
224
Calculate the greatest common factor of 1216 and 203044032.
1216
Calculate the greatest common factor of 43668 and 327024.
36
What is the highest common factor of 398 and 26861020?
398
What is the highest common factor of 684 and 8679168?
36
Calculate the greatest common factor of 182 and 25459707.
91
What is the greatest common divisor of 358614 and 627966?
1566
What is the greatest common divisor of 290397 and 75?
3
Calculate the greatest common factor of 320 and 24520.
40
What is the greatest common divisor of 3653872 and 1104?
368
What is the highest common factor of 264012 and 34251?
147
Calculate the greatest common factor of 15268930 and 3868.
1934
What is the highest common factor of 808194 and 498?
6
What is the highest common divisor of 101 and 1956550891?
101
Calculate the greatest common divisor of 2961 and 945969.
141
What is the highest common divisor of 360 and 9894840?
120
Calculate the greatest common divisor of 21003655 and 20.
5
Calculate the greatest common divisor of 107928 and 218628.
36
Calculate the greatest common divisor of 11825 and 14939375.
275
Calculate the greatest common factor of 1855 and 97934725.
1855
What is the greatest common divisor of 1453056 and 602?
86
Calculate the greatest common factor of 4962 and 108084.
6
What is the highest common divisor of 25 and 1103173325?
25
Calculate the highest common divisor of 3294865 and 45080.
805
Calculate the greatest common divisor of 1060 and 269794115.
265
Calculate the greatest common factor of 1551987 and 8178.
141
What is the greatest common divisor of 380 and 171349790?
190
Calculate the greatest common factor of 9840 and 2515350.
1230
What is the highest common divisor of 4654 and 2507790?
358
What is the greatest common factor of 56780623 and 713?
31
Calculate the highest common factor of 2416 and 400672.
16
Calculate the greatest common divisor of 1760850 and 1722175.
2275
What is the greatest common factor of 809266 and 1172?
586
Calculate the highest common divisor of 1584 and 765711144.
792
Calculate the greatest common divisor of 92881572 and 168.
84
Calculate the greatest common factor of 1395 and 523590.
465
Calculate the greatest common factor of 563334950 and 295.
295
What is the greatest common factor of 724275 and 6177?
87
What is the highest common divisor of 1564 and 212459234?
782
Calculate the greatest common factor of 130 and 13055666.
26
What is the highest common factor of 14424 and 11176797?
1803
What is the highest common factor of 5707 and 1430550862?
5707
Calculate the greatest common factor of 12423235 and 16050.
535
What is the highest common factor of 12 and 49368?
12
What is the greatest common factor of 3087825 and 195?
1